 d(o) = -o**2 - 11*o - 8. Let s be d(-11). Let l(h) = -h**2 + 10*h - 12. Let x be l(8). Let j = x - s. Calculate the greatest common divisor of 48 and j.
12
Let s = 2234 - 2224. Suppose c - 9 = 1. Calculate the greatest common divisor of s and c.
10
Let o be 7/((-18)/(-8) - 2). Let q be 15 + 1*(-3 + 0). Suppose -3*w - 2*i + 32 = 3*i, -3*i + q = 0. What is the highest common factor of w and o?
4
Suppose 0*j = 5*u - 3*j + 27, 3*u + 13 = 5*j. Let x be (-6)/4 - 63/u. Let t = 27 - x. What is the greatest common divisor of 36 and t?
18
Suppose -4*b + 2*z - 6*z + 124 = 0, 39 = b - z. What is the highest common divisor of 7 and b?
7
Suppose -1633 = 10*x - 5633. Suppose -20*m + x + 80 = 0. Calculate the greatest common divisor of 84 and m.
12
Let k be ((-24)/(-4) - 7)/((-1)/39). Let d be 0 + (2 - -266 - -2). Let f = d - k. Calculate the greatest common divisor of f and 21.
21
Suppose 5*y - 20 = 0, -133 = -3*l - 2*y + 43. What is the greatest common factor of l and 88?
8
Suppose 143*x - 153*x = -240. Calculate the highest common factor of 204 and x.
12
Let h be ((-80)/24 + 4)/((-2)/(-24)). What is the greatest common divisor of 216 and h?
8
Let m be 2/2*(-20)/(-5). Suppose f + 54 = m*f. Let x be (-1015)/(-28) + 3/(-12). Calculate the greatest common divisor of f and x.
18
Suppose -5*o = -7*o - 78. Let n = o - -48. What is the highest common divisor of 153 and n?
9
Let c = 152 - 74. Let l = c + -63. Calculate the greatest common divisor of 5 and l.
5
Suppose -77 = -2*x + 211. Suppose -2*n + x = -0*n. What is the greatest common factor of n and 8?
8
Let w be (-134)/(-469) - (262/(-14) + 1). What is the greatest common factor of w and 9?
9
Suppose 0 = 3*f + 2*h - 392, -16*h + 422 = 3*f - 20*h. Calculate the greatest common divisor of 335 and f.
67
Let g be ((-10)/4)/(2 + 5/(-2)). Suppose 3*f - 972 = -p - 4*p, -p - g*f = -190. What is the highest common divisor of p and 78?
39
Let x = -417 + 429. Let z = 8 + -12. Let c(h) = -h + 2. Let j be c(z). Calculate the greatest common divisor of j and x.
6
Suppose -w - 5*w = -60. Suppose -w*o + 5*o = -600. What is the greatest common divisor of 15 and o?
15
Let m = 93 - -102. Let k = m - 139. Calculate the highest common divisor of 8 and k.
8
Suppose 2*m - 88 = 50. Let j = -9 + m. Calculate the greatest common divisor of j and 12.
12
Suppose h + 6*z - 14 = z, 3*h - 2*z = 42. Let v be (-1 + 3)/((-4)/(-10)). Suppose -v*q = -2*q - 126. What is the highest common divisor of h and q?
14
Let s be 49 + -1 - (25 + -31). Suppose -f = -l + 13, -4*f = f + 20. What is the highest common divisor of l and s?
9
Suppose 47 = 2*b + 5*d, 6*b = 2*b + 3*d + 55. Let s be 238/6 - (-7)/21. Calculate the greatest common divisor of s and b.
8
Let t(u) = 96*u**2 - 1. Let s be t(1). Let y = 37 - -1. What is the highest common factor of s and y?
19
Let w(k) = -2*k**2 + 2*k + 3. Let v be w(-3). Let s = v - -53. Calculate the greatest common divisor of 4 and s.
4
Suppose -940 = -2*c - 3*c. Suppose 2*j - 4*o = 88, 4*j + 4*o + 0*o - c = 0. What is the highest common factor of j and 115?
23
Suppose c - 467 = 2*f + 335, 2*c + 5*f - 1631 = 0. Calculate the highest common divisor of c and 8.
8
Suppose -7*c + 5341 = 798. Calculate the greatest common factor of 59 and c.
59
Let y(n) = 3*n**2 + 54*n - 78. Let h be y(-21). Calculate the highest common factor of h and 555.
111
Let x = -5814 + 5886. Let u = 67 - 19. What is the greatest common divisor of u and x?
24
Let k = 298 + -210. Let r = -76 + k. What is the greatest common divisor of 12 and r?
12
Let x(g) = -2*g**3 - 37*g**2 + 19*g + 36. Let j be x(-19). Calculate the greatest common factor of 12 and j.
12
Let q be 34/10 + 0 + (-6)/15. Let t = 13 - q. Calculate the greatest common divisor of 80 and t.
10
Let p(q) = 71*q - 53. Let s be p(19). Calculate the highest common factor of 81 and s.
81
Suppose 2*h - 2*p = 28, 32 = p + 27. What is the greatest common factor of 95 and h?
19
Let s = 28 + 44. Calculate the highest common divisor of 36 and s.
36
Let h be (4 + -11)*-1 + -3. Suppose -l - 3*z + 3 + h = 0, -37 = -4*l - 3*z. What is the greatest common divisor of 70 and l?
10
Let d be (-3976)/(-28) - 1*(0 - 1). Suppose 4*h - h = 39. Calculate the highest common factor of h and d.
13
Let a be (1/3)/(4/180). Suppose -5*y - 3 = 2*z - a, -4*y - 3*z + 4 = 0. Suppose 4*b = 16, 5*n + b - 16 = y*n. Calculate the highest common divisor of 60 and n.
12
Suppose 107*q - 101*q = 150. Calculate the greatest common divisor of 200 and q.
25
Let d = 617 - -85. Calculate the highest common factor of d and 78.
78
Let y be 0 - -2 - (-46 - 2). Let d be (132/(-48) - (-1)/(-4)) + 13. What is the highest common factor of y and d?
10
Suppose -1 = d - 2. Let g(b) = 83*b**3 - 3*b**2 + 3*b - 1. Let s be g(d). Calculate the greatest common factor of s and 205.
41
Let w = -23 + 42. Let q(p) be the third derivative of 49*p**4/12 - 25*p**3/6 + 4*p**2 + 7. Let s be q(2). What is the highest common divisor of w and s?
19
Let x be (-7)/(70/(-8))*410/2. What is the greatest common divisor of 123 and x?
41
Let l = -311 + 328. What is the greatest common divisor of l and 221?
17
Suppose 11*t - 4084 = 63. Calculate the greatest common factor of 116 and t.
29
Let y be 20/80 + (-14)/(-8). Suppose 5*a - 288 = y*a. Calculate the highest common factor of a and 32.
32
Let b be (-3 - 231)/(((-18)/4)/3). What is the greatest common divisor of 60 and b?
12
Let l be ((-4)/(-4) - 1)/(-1). Suppose -t - 4 + 9 = l. Let n(o) = -o**2 + 7*o + 5. Let z be n(t). Calculate the highest common divisor of 60 and z.
15
Let v be (108/15)/(6/20). Let q = 413 + -401. Calculate the highest common factor of v and q.
12
Let d be 6/21 - (-15)/(1155/8756). What is the highest common divisor of 38 and d?
38
Let o be 3 + (-9 - -2 - 2). Let s(n) = n**3 + 5*n**2 - 6*n + 4. Let x be s(o). Suppose x*b = 51 - 3. What is the highest common divisor of b and 60?
12
Let x = 69 + -45. Let h be x/30*(-4 + -1). Let r be 8/(h/4)*-12. Calculate the highest common factor of 12 and r.
12
Suppose -165 = m - 6*m. Suppose 0 = -6*b + m - 9. What is the greatest common factor of b and 36?
4
Let b = -5 + 2. Let d be (-1 - 2)/b + 49. Let z(l) = l + 3. Let j be z(7). Calculate the greatest common factor of d and j.
10
Let p(x) be the second derivative of -19*x**3/6 + 15*x**2/2 - 13*x. Let y be p(-5). Calculate the highest common factor of 44 and y.
22
Let i(y) = y**2 + 20*y + 28. Let x be i(-18). Let j = x - -38. What is the greatest common divisor of j and 10?
10
Let z = 1791 + -1197. Calculate the highest common divisor of 216 and z.
54
Let o(i) = i**2 + 3*i - 2. Let g be o(-5). Let n(m) = -m**3 + 16*m**2 - 26*m - 20. Let j be n(14). Calculate the highest common factor of j and g.
8
Let j = 11039 - 10878. Let l(g) = g**3 - g**2 + 23. Let a be l(0). Calculate the greatest common divisor of a and j.
23
Let b(g) = 24*g - 4. Let a be b(5). Suppose -2*m = -5*t + a, t = 5*m + 1 + 13. What is the highest common factor of 6 and t?
6
Suppose 1374 = 4*w + 1206. What is the highest common factor of 120 and w?
6
Let c = -34 + 51. Suppose 0 = -z + 9 + c. Calculate the highest common factor of 13 and z.
13
Suppose -2*q - 1632 = -4118. Suppose n - q = -5*a - n, -16 = -4*n. Calculate the greatest common divisor of a and 13.
13
Let n = -34 - -35. Suppose -4*i - 3*o + 8 = 0, 0*i + 5*o + 6 = 3*i. Calculate the greatest common divisor of n and i.
1
Suppose 2*z - 20 = 108. Let o(s) = 47*s - 313. Let b be o(7). What is the highest common divisor of b and z?
16
Let w = 89 - 49. Suppose -3 = -2*u + 5. Let k be (50/(-2))/((-1)/u). What is the greatest common factor of w and k?
20
Let k = -38 - -9. Let i = k + 47. Let s = i + -6. What is the highest common factor of s and 24?
12
Suppose 3*w - 429 = -2*v, 164 + 698 = 4*v + 2*w. Let a = -35 + 36. Let p = a - -26. Calculate the greatest common divisor of v and p.
27
Suppose -2*k - 2*k + 364 = 0. Let q(l) = l**3 + 6*l**2 + l - 4. Let j be q(-2). Let p = 3 + j. Calculate the greatest common factor of p and k.
13
Let l be (-96)/(-24) - ((2 - 0) + -97). What is the greatest common divisor of 18 and l?
9
Let g(j) = -4*j. Let y be g(0). Let q(v) = -v**2 - 2*v + 75. Let n be q(y). What is the highest common divisor of 100 and n?
25
Suppose -5*u + 0*u + 30 = 0. Let v be (-60)/(